{"id":42,"date":"2022-03-15T20:06:19","date_gmt":"2022-03-15T19:06:19","guid":{"rendered":"http:\/\/hohujgq.cluster031.hosting.ovh.net\/?page_id=40"},"modified":"2024-02-26T15:05:31","modified_gmt":"2024-02-26T15:05:31","slug":"marie-laure-mallet-melchior","status":"publish","type":"page","link":"https:\/\/thierry-artbroker.com\/?page_id=42","title":{"rendered":"Marie-Laure Mallet Melchior"},"content":{"rendered":"<p><img loading=\"lazy\" decoding=\"async\" class=\"alignright size-full wp-image-287\" src=\"https:\/\/thierry-artbroker.com\/wp-content\/uploads\/2022\/04\/marie-laure-mallet-melchior_antonio-nodar_-e1507799415342.jpg\" alt=\"\" width=\"250\" height=\"221\" \/><\/p>\n<p>Marie-Laure MALLET<br \/>\n<em>Graduate of the Beaux-Arts du Mans (DNSEP) in 1991.<\/em><br \/>\n<em>Co-founder of the plastic art photography movement Transfiguring in 2014<\/em><\/p>\n<p>For several years, Marie-Laure Mallethas been resolutely part of this current of visual artists who have chosen to offer, by combining painting, engraving and photography, new perspectives to their creative work. The artist takes advantage of the possibilities of digital photography to create original atmospheres. Innovations established through digitalization and her long practice of painting leads to strong and varied works in which emphasize her talent as colorist. After the great sites of destruction-renovation and metal bridges, her recent research focuses on port areas, industrial sites and railway stations where she obstinately captures the marks of our urban civilization in perpetual activity and constant change. She transfigures these subjects into surreal universes whose various constituent elements do not escape her compositional demands. By this transfiguration, the artist offers a representation of the work of time, challenging our perspective.<\/p>\n<p class=\"page-title\" style=\"text-align: center;\"><a href=\"https:\/\/thierry-artbroker.com\/?page_id=55\"><strong>Marie-Laure Mallet \u2013 works for sale<\/strong><\/a><\/p>\n<p><strong>Main exhibitions :<\/strong><br \/>\n2021-2022 &#8211; \u00ab Entre P\u00e9pites et Tr\u00e9sors \u00bbGalerie Mondapart-Boulogne Billancourt<br \/>\n2021 -Mus\u00e9e Num\u00e9rique et R\u00e9alit\u00e9 Virtuelle Maurice Rollinat -Vierzon<br \/>\n2020 &#8211; Art Montpellier Art Fair<br \/>\n2019 &#8211; Galerie Mondapart, Boulogne-Billancourt<br \/>\n&#8211; La chapelle St Pry (Bethune) avec Transfiguring<br \/>\n&#8211; Galerie Mhaata, Bruxelles<br \/>\n2018 &#8211; Jiva Hill \/Salon Art Muc-Munich Galerie Art et Concept Arthkein<br \/>\n&#8211; H\u00f4tel de ville Le Mans<br \/>\n&#8211; Bastille Design Center Sortie du livre Transfiguring Arthkein, Paris<br \/>\n&#8211; \u00ab A la fronti\u00e8re du temps \u00bb Galerie Mondapart- Boulogne-Billancourt<br \/>\n2017 &#8211; Galerie L\u2019Arrivage, Troyes<br \/>\n&#8211; Carte blanche Mus\u00e9e Landowski, Galerie Mondapart Boulogne-Billancourt<br \/>\n2016 -DZD Art Gallery, Roermond, Hollande<br \/>\n&#8211; Lille Art Up, U Own Gallery, Lille<br \/>\n&#8211; Galerie Olivier Waltman, Transfiguring, Paris<br \/>\n2015 &#8211; Galerie Mondapart, Boulogne-Billancourt &#8211; Parcours d\u2019artistes de Beloeil, Belgique<br \/>\n&#8211; The Affordable Art Fair, Bruxelles , Galerie Balt\u2019Art<br \/>\n2014 &#8211; Galerie \u00ab Alberti Arts \u00bb St Paul de Vence<br \/>\n&#8211; Cop\u2019Art 2014, festival d\u2019Art Contemporain, Meuse<br \/>\n&#8211; Galerie du Parlement, Rennes<br \/>\n&#8211; Artcit\u00e9 2014, Fontenay-sous-Bois<br \/>\n2013-2012 &#8211; Salon Balt\u2019Art : L\u2019Art et le grand Paris au pavillon Baltard, Nogent sur Marne<br \/>\n&#8211; The Affordable Art Fair, Bruxelles, Galerie Balt\u2019Art<br \/>\n2011 &#8211; Carr\u00e9 Plantagenet &#8211; Mus\u00e9e Arch\u00e9ologique, Le Mans<br \/>\n2010 -Transversalit\u00e9s Saint Jean de Mont<br \/>\n&#8211; Galerie Syllabes d\u2019art, Montr\u00e9sor 37<br \/>\n&#8211; Galerie le Rayon Vert, Nantes<br \/>\n2008 &#8211; 2007-Mac Paris, Paris<br \/>\n&#8211; Galerie Yves Halter, Rennes<br \/>\n&#8211; Galerie Marie Turgeon, Qu\u00e9bec<\/p>\n","protected":false},"excerpt":{"rendered":"<p>Marie-Laure MALLET Graduate of the Beaux-Arts du Mans (DNSEP) in 1991. Co-founder of the plastic&hellip;<a href=\"https:\/\/thierry-artbroker.com\/?page_id=42\" class=\"more-link\"><span class=\"more-button\">Continue reading<span class=\"screen-reader-text\">Marie-Laure Mallet Melchior<\/span><\/span><\/a><\/p>\n","protected":false},"author":1,"featured_media":0,"parent":0,"menu_order":0,"comment_status":"closed","ping_status":"closed","template":"","meta":{"footnotes":""},"tags":[20,12],"class_list":["post-42","page","type-page","status-publish","hentry","tag-biography","tag-marie-laure-mallet-melchior"],"yoast_head":"<!-- This site is optimized with the Yoast SEO plugin v27.4 - https:\/\/yoast.com\/product\/yoast-seo-wordpress\/ -->\n<title>Marie-Laure Mallet Melchior - thierry-artbroker.com<\/title>\n<meta name=\"robots\" content=\"index, follow, max-snippet:-1, max-image-preview:large, max-video-preview:-1\" \/>\n<link rel=\"canonical\" href=\"https:\/\/thierry-artbroker.com\/?page_id=42\" \/>\n<meta property=\"og:locale\" content=\"en_US\" \/>\n<meta property=\"og:type\" content=\"article\" \/>\n<meta property=\"og:title\" content=\"Marie-Laure Mallet Melchior - thierry-artbroker.com\" \/>\n<meta property=\"og:description\" content=\"Marie-Laure MALLET Graduate of the Beaux-Arts du Mans (DNSEP) in 1991. Co-founder of the plastic&hellip;Continue readingMarie-Laure Mallet Melchior\" \/>\n<meta property=\"og:url\" content=\"https:\/\/thierry-artbroker.com\/?page_id=42\" \/>\n<meta property=\"og:site_name\" content=\"thierry-artbroker.com\" \/>\n<meta property=\"article:publisher\" content=\"https:\/\/www.facebook.com\/thierryartbrokeraustin\/\" \/>\n<meta property=\"article:modified_time\" content=\"2024-02-26T15:05:31+00:00\" \/>\n<meta property=\"og:image\" content=\"https:\/\/thierry-artbroker.com\/wp-content\/uploads\/2022\/04\/marie-laure-mallet-melchior_antonio-nodar_-e1507799415342.jpg\" \/>\n<meta name=\"twitter:card\" content=\"summary_large_image\" \/>\n<meta name=\"twitter:label1\" content=\"Est. reading time\" \/>\n\t<meta name=\"twitter:data1\" content=\"2 minutes\" \/>\n<script type=\"application\/ld+json\" class=\"yoast-schema-graph\">{\"@context\":\"https:\\\/\\\/schema.org\",\"@graph\":[{\"@type\":\"WebPage\",\"@id\":\"https:\\\/\\\/thierry-artbroker.com\\\/?page_id=42\",\"url\":\"https:\\\/\\\/thierry-artbroker.com\\\/?page_id=42\",\"name\":\"Marie-Laure Mallet Melchior - thierry-artbroker.com\",\"isPartOf\":{\"@id\":\"https:\\\/\\\/thierry-artbroker.com\\\/#website\"},\"primaryImageOfPage\":{\"@id\":\"https:\\\/\\\/thierry-artbroker.com\\\/?page_id=42#primaryimage\"},\"image\":{\"@id\":\"https:\\\/\\\/thierry-artbroker.com\\\/?page_id=42#primaryimage\"},\"thumbnailUrl\":\"https:\\\/\\\/thierry-artbroker.com\\\/wp-content\\\/uploads\\\/2022\\\/04\\\/marie-laure-mallet-melchior_antonio-nodar_-e1507799415342.jpg\",\"datePublished\":\"2022-03-15T19:06:19+00:00\",\"dateModified\":\"2024-02-26T15:05:31+00:00\",\"breadcrumb\":{\"@id\":\"https:\\\/\\\/thierry-artbroker.com\\\/?page_id=42#breadcrumb\"},\"inLanguage\":\"en-US\",\"potentialAction\":[{\"@type\":\"ReadAction\",\"target\":[\"https:\\\/\\\/thierry-artbroker.com\\\/?page_id=42\"]}]},{\"@type\":\"ImageObject\",\"inLanguage\":\"en-US\",\"@id\":\"https:\\\/\\\/thierry-artbroker.com\\\/?page_id=42#primaryimage\",\"url\":\"https:\\\/\\\/thierry-artbroker.com\\\/wp-content\\\/uploads\\\/2022\\\/04\\\/marie-laure-mallet-melchior_antonio-nodar_-e1507799415342.jpg\",\"contentUrl\":\"https:\\\/\\\/thierry-artbroker.com\\\/wp-content\\\/uploads\\\/2022\\\/04\\\/marie-laure-mallet-melchior_antonio-nodar_-e1507799415342.jpg\",\"width\":250,\"height\":221},{\"@type\":\"BreadcrumbList\",\"@id\":\"https:\\\/\\\/thierry-artbroker.com\\\/?page_id=42#breadcrumb\",\"itemListElement\":[{\"@type\":\"ListItem\",\"position\":1,\"name\":\"Home\",\"item\":\"https:\\\/\\\/thierry-artbroker.com\\\/\"},{\"@type\":\"ListItem\",\"position\":2,\"name\":\"Marie-Laure Mallet Melchior\"}]},{\"@type\":\"WebSite\",\"@id\":\"https:\\\/\\\/thierry-artbroker.com\\\/#website\",\"url\":\"https:\\\/\\\/thierry-artbroker.com\\\/\",\"name\":\"thierry-artbroker.com\",\"description\":\"European &amp; American art inTexas\",\"publisher\":{\"@id\":\"https:\\\/\\\/thierry-artbroker.com\\\/#organization\"},\"potentialAction\":[{\"@type\":\"SearchAction\",\"target\":{\"@type\":\"EntryPoint\",\"urlTemplate\":\"https:\\\/\\\/thierry-artbroker.com\\\/?s={search_term_string}\"},\"query-input\":{\"@type\":\"PropertyValueSpecification\",\"valueRequired\":true,\"valueName\":\"search_term_string\"}}],\"inLanguage\":\"en-US\"},{\"@type\":\"Organization\",\"@id\":\"https:\\\/\\\/thierry-artbroker.com\\\/#organization\",\"name\":\"Thierry Art Broker\",\"url\":\"https:\\\/\\\/thierry-artbroker.com\\\/\",\"logo\":{\"@type\":\"ImageObject\",\"inLanguage\":\"en-US\",\"@id\":\"https:\\\/\\\/thierry-artbroker.com\\\/#\\\/schema\\\/logo\\\/image\\\/\",\"url\":\"https:\\\/\\\/i0.wp.com\\\/thierry-artbroker.com\\\/wp-content\\\/uploads\\\/2022\\\/04\\\/Thierry.png?fit=264%2C244&ssl=1\",\"contentUrl\":\"https:\\\/\\\/i0.wp.com\\\/thierry-artbroker.com\\\/wp-content\\\/uploads\\\/2022\\\/04\\\/Thierry.png?fit=264%2C244&ssl=1\",\"width\":264,\"height\":244,\"caption\":\"Thierry Art Broker\"},\"image\":{\"@id\":\"https:\\\/\\\/thierry-artbroker.com\\\/#\\\/schema\\\/logo\\\/image\\\/\"},\"sameAs\":[\"https:\\\/\\\/www.facebook.com\\\/thierryartbrokeraustin\\\/\"]}]}<\/script>\n<!-- \/ Yoast SEO plugin. -->","yoast_head_json":{"title":"Marie-Laure Mallet Melchior - thierry-artbroker.com","robots":{"index":"index","follow":"follow","max-snippet":"max-snippet:-1","max-image-preview":"max-image-preview:large","max-video-preview":"max-video-preview:-1"},"canonical":"https:\/\/thierry-artbroker.com\/?page_id=42","og_locale":"en_US","og_type":"article","og_title":"Marie-Laure Mallet Melchior - thierry-artbroker.com","og_description":"Marie-Laure MALLET Graduate of the Beaux-Arts du Mans (DNSEP) in 1991. Co-founder of the plastic&hellip;Continue readingMarie-Laure Mallet Melchior","og_url":"https:\/\/thierry-artbroker.com\/?page_id=42","og_site_name":"thierry-artbroker.com","article_publisher":"https:\/\/www.facebook.com\/thierryartbrokeraustin\/","article_modified_time":"2024-02-26T15:05:31+00:00","og_image":[{"url":"https:\/\/thierry-artbroker.com\/wp-content\/uploads\/2022\/04\/marie-laure-mallet-melchior_antonio-nodar_-e1507799415342.jpg","type":"","width":"","height":""}],"twitter_card":"summary_large_image","twitter_misc":{"Est. reading time":"2 minutes"},"schema":{"@context":"https:\/\/schema.org","@graph":[{"@type":"WebPage","@id":"https:\/\/thierry-artbroker.com\/?page_id=42","url":"https:\/\/thierry-artbroker.com\/?page_id=42","name":"Marie-Laure Mallet Melchior - thierry-artbroker.com","isPartOf":{"@id":"https:\/\/thierry-artbroker.com\/#website"},"primaryImageOfPage":{"@id":"https:\/\/thierry-artbroker.com\/?page_id=42#primaryimage"},"image":{"@id":"https:\/\/thierry-artbroker.com\/?page_id=42#primaryimage"},"thumbnailUrl":"https:\/\/thierry-artbroker.com\/wp-content\/uploads\/2022\/04\/marie-laure-mallet-melchior_antonio-nodar_-e1507799415342.jpg","datePublished":"2022-03-15T19:06:19+00:00","dateModified":"2024-02-26T15:05:31+00:00","breadcrumb":{"@id":"https:\/\/thierry-artbroker.com\/?page_id=42#breadcrumb"},"inLanguage":"en-US","potentialAction":[{"@type":"ReadAction","target":["https:\/\/thierry-artbroker.com\/?page_id=42"]}]},{"@type":"ImageObject","inLanguage":"en-US","@id":"https:\/\/thierry-artbroker.com\/?page_id=42#primaryimage","url":"https:\/\/thierry-artbroker.com\/wp-content\/uploads\/2022\/04\/marie-laure-mallet-melchior_antonio-nodar_-e1507799415342.jpg","contentUrl":"https:\/\/thierry-artbroker.com\/wp-content\/uploads\/2022\/04\/marie-laure-mallet-melchior_antonio-nodar_-e1507799415342.jpg","width":250,"height":221},{"@type":"BreadcrumbList","@id":"https:\/\/thierry-artbroker.com\/?page_id=42#breadcrumb","itemListElement":[{"@type":"ListItem","position":1,"name":"Home","item":"https:\/\/thierry-artbroker.com\/"},{"@type":"ListItem","position":2,"name":"Marie-Laure Mallet Melchior"}]},{"@type":"WebSite","@id":"https:\/\/thierry-artbroker.com\/#website","url":"https:\/\/thierry-artbroker.com\/","name":"thierry-artbroker.com","description":"European &amp; American art inTexas","publisher":{"@id":"https:\/\/thierry-artbroker.com\/#organization"},"potentialAction":[{"@type":"SearchAction","target":{"@type":"EntryPoint","urlTemplate":"https:\/\/thierry-artbroker.com\/?s={search_term_string}"},"query-input":{"@type":"PropertyValueSpecification","valueRequired":true,"valueName":"search_term_string"}}],"inLanguage":"en-US"},{"@type":"Organization","@id":"https:\/\/thierry-artbroker.com\/#organization","name":"Thierry Art Broker","url":"https:\/\/thierry-artbroker.com\/","logo":{"@type":"ImageObject","inLanguage":"en-US","@id":"https:\/\/thierry-artbroker.com\/#\/schema\/logo\/image\/","url":"https:\/\/i0.wp.com\/thierry-artbroker.com\/wp-content\/uploads\/2022\/04\/Thierry.png?fit=264%2C244&ssl=1","contentUrl":"https:\/\/i0.wp.com\/thierry-artbroker.com\/wp-content\/uploads\/2022\/04\/Thierry.png?fit=264%2C244&ssl=1","width":264,"height":244,"caption":"Thierry Art Broker"},"image":{"@id":"https:\/\/thierry-artbroker.com\/#\/schema\/logo\/image\/"},"sameAs":["https:\/\/www.facebook.com\/thierryartbrokeraustin\/"]}]}},"_links":{"self":[{"href":"https:\/\/thierry-artbroker.com\/index.php?rest_route=\/wp\/v2\/pages\/42","targetHints":{"allow":["GET"]}}],"collection":[{"href":"https:\/\/thierry-artbroker.com\/index.php?rest_route=\/wp\/v2\/pages"}],"about":[{"href":"https:\/\/thierry-artbroker.com\/index.php?rest_route=\/wp\/v2\/types\/page"}],"author":[{"embeddable":true,"href":"https:\/\/thierry-artbroker.com\/index.php?rest_route=\/wp\/v2\/users\/1"}],"replies":[{"embeddable":true,"href":"https:\/\/thierry-artbroker.com\/index.php?rest_route=%2Fwp%2Fv2%2Fcomments&post=42"}],"version-history":[{"count":1,"href":"https:\/\/thierry-artbroker.com\/index.php?rest_route=\/wp\/v2\/pages\/42\/revisions"}],"predecessor-version":[{"id":530,"href":"https:\/\/thierry-artbroker.com\/index.php?rest_route=\/wp\/v2\/pages\/42\/revisions\/530"}],"wp:attachment":[{"href":"https:\/\/thierry-artbroker.com\/index.php?rest_route=%2Fwp%2Fv2%2Fmedia&parent=42"}],"wp:term":[{"taxonomy":"post_tag","embeddable":true,"href":"https:\/\/thierry-artbroker.com\/index.php?rest_route=%2Fwp%2Fv2%2Ftags&post=42"}],"curies":[{"name":"wp","href":"https:\/\/api.w.org\/{rel}","templated":true}]}}